{"id":27,"date":"2021-01-25T15:04:39","date_gmt":"2021-01-25T14:04:39","guid":{"rendered":"http:\/\/lwowska.szkola.architektoniczna.uksw.edu.pl\/?page_id=27"},"modified":"2021-01-25T16:27:30","modified_gmt":"2021-01-25T15:27:30","slug":"kwerendy-i-badania","status":"publish","type":"page","link":"https:\/\/lwowska.szkola.architektoniczna.uksw.edu.pl\/?page_id=27","title":{"rendered":"Kwerendy i badania"},"content":{"rendered":"\n<p><strong>Kwerenda archiwalna<\/strong> obj\u0119\u0142a nast\u0119puj\u0105ce instytucje:<\/p>\n\n\n\n<p><strong>Instytucje zagraniczne<\/strong><\/p>\n\n\n\n<p>1. Muzeum Historyczne w Moskwie<\/p>\n\n\n\n<p>2. Centralne Archiwum Historyczne we Lwowie (\u041b\u044c\u0432\u0456\u0432, \u0426\u0435\u043d\u0442\u0440\u0430\u043b\u044c\u043d\u0438\u0439 \u0434\u0435\u0440\u0436\u0430\u0432\u043d\u0438\u0439 \u0456\u0441\u0442\u043e\u0440\u0438\u0447\u043d\u0438\u0439 \u0430\u0440\u0445\u0456\u0432 \u0423\u043a\u0440\u0430\u0457\u043d\u0438)<\/p>\n\n\n\n<p>3. Archiwum Obwodowe we Lwowie (\u0414\u0435\u0440\u0436\u0430\u0432\u043d\u0438\u0439 \u0430\u0440\u0445\u0456\u0432 \u041b\u044c\u0432\u0456\u0432\u0441\u044c\u043a\u043e\u0457 \u043e\u0431\u043b\u0430\u0441\u0442\u0456)<\/p>\n\n\n\n<p>4. Archiwum Obwodu Kijowskiego (\u0414\u0435\u0440\u0436\u0430\u0432\u043d\u0438\u0439 \u0410\u0440\u0445\u0456\u0432 \u041a\u0438\u0457\u0432\u0441\u044c\u043a\u043e\u0457 \u041e\u0431\u043b\u0430\u0441\u0442\u0456)<\/p>\n\n\n\n<p>5. Archiwum Obwodowe w Iwanofrankiwsku<\/p>\n\n\n\n<p>6. Archiwum Obwodowe w Tarnopolu<\/p>\n\n\n\n<p>7. Archiwum Politechniki Lwowskiej<\/p>\n\n\n\n<p>8. Muzea we Lwowie, Tarnopolu, Iwanofrankiwsku.<\/p>\n\n\n\n<p>\u0141\u0105cznie pozyskano oko\u0142o 16 tysi\u0119cy fotografii \u017ar\u00f3de\u0142 archiwalnych.<\/p>\n\n\n\n<p><strong>Instytucje krajowe<\/strong><\/p>\n\n\n\n<p>1. Archiwum Pa\u0144stwowe w Przemy\u015blu<\/p>\n\n\n\n<p>2. Archiwum Pa\u0144stwowe w Rzeszowie<\/p>\n\n\n\n<p>3. Archiwum Pa\u0144stwowe w Krakowie<\/p>\n\n\n\n<p>4. Archiwum Akt Nowych w Warszawie<\/p>\n\n\n\n<p>5. Narodowe Archiwum Cyfrowe w Warszawie<\/p>\n\n\n\n<p>6. Archiwum Politechniki Gda\u0144skiej<\/p>\n\n\n\n<p>7. Biblioteka Narodowa w Warszawie<\/p>\n\n\n\n<p>\u0141\u0105cznie pozyskano oko\u0142o 1 tysi\u0119cy fotografii \u017ar\u00f3de\u0142 archiwalnych.<\/p>\n\n\n\n<p>Pozyskane materia\u0142y zosta\u0142y wykorzystane w 22 opublikowanych pracach jak i 22 wyg\u0142oszonych referatach oraz b\u0119d\u0105 dalej wykorzystywane w kolejnych opracowaniach dotycz\u0105cych Lwowskiej Szko\u0142y Architektonicznej.<\/p>\n\n\n\n<p><strong>Badania terenowe:<\/strong><\/p>\n\n\n\n<p>Badania terenowe obj\u0119\u0142y oko\u0142o 60 miejscowo\u015bci na terenie Ukrainy, 30 miejscowo\u015bci na terenie po\u0142udniowej i zachodniej Bia\u0142orusi.<\/p>\n\n\n\n<p>By\u0142y to nast\u0119puj\u0105ce miejscowo\u015bci na terenie Ukrainy:<\/p>\n\n\n\n<ol class=\"wp-block-list\" type=\"1\"><li>Be\u0142z<\/li><li>Bohorodczany<\/li><li>Bolech\u00f3w<\/li><li>Boloszowce<\/li><li>Bursztyn<\/li><li>Ch\u0142opy<\/li><li>Chorostk\u00f3w<\/li><li>Czerelica<\/li><li>Czortk\u00f3w<\/li><li>Delatyn<\/li><li>Dolina<\/li><li>Drohobycz<\/li><li>Gr\u00f3dek Jagiello\u0144ski<\/li><li>Gwo\u017adziec<\/li><li>Halicz<\/li><li>Hodowica<\/li><li>Horodenka<\/li><li>Husiatyn<\/li><li>Jawor\u00f3w<\/li><li>Kij\u00f3w<\/li><li>Ko\u0142omyja<\/li><li>Komarno<\/li><li>Kopczy\u0144ce<\/li><li>Krzemieniec<\/li><li>Kulik\u00f3w<\/li><li>Lubie\u0144 Wielki<\/li><li>Lw\u00f3w<\/li><li>\u0141ysie\u0107<\/li><li>Mo\u015bciska<\/li><li>Nadworna<\/li><li>Nawaria<\/li><li>Obroszyn<\/li><li>Otynia<\/li><li>Pacyk\u00f3w<\/li><li>Podkamie\u0144<\/li><li>Przemy\u015blany<\/li><li>Rawa Ruska<\/li><li>Rohaty\u0144<\/li><li>Rudki<\/li><li>Sambor<\/li><li>Sambor<\/li><li>S\u0105dowa Wisznia<\/li><li>Sokal<\/li><li>Stanis\u0142aw\u00f3w<\/li><li>Stary Sambor<\/li><li>Stryj<\/li><li>Szczerzec<\/li><li>\u015aniatyn<\/li><li>\u015awirz<\/li><li>Tarnopol<\/li><li>T\u0142umacz<\/li><li>T\u0142uste<\/li><li>Tuliglowy<\/li><li>Turka<\/li><li>Ty\u015bmienica<\/li><li>Uhn\u00f3w<\/li><li>Wielkie Mosty<\/li><li>Wi\u015bniowiec<\/li><li>Zab\u0142ot\u00f3w<\/li><li>Zaleszczyki<\/li><li>Zbara\u017c<\/li><li>\u017b\u00f3\u0142kiew<\/li><\/ol>\n\n\n\n<p>\u0141\u0105cznie wykonano oko\u0142o 12 tysi\u0119cy fotografii budynk\u00f3w z XIX i XX wieku nale\u017c\u0105cych do Lwowskiej Szko\u0142y Architektonicznej.<\/p>\n\n\n\n<p>Wykonane fotografie zosta\u0142y wykorzystane w 22 opublikowanych pracach jak i 22 wyg\u0142oszonych referatach oraz b\u0119d\u0105 dalej wykorzystywane w kolejnych opracowaniach dotycz\u0105cych Lwowskiej Szko\u0142y Architektonicznej.<\/p>\n\n\n\n<p>Najwi\u0119kszym osi\u0105gni\u0119ciem projektu jest z\u0142o\u017cona do druku blisko 400 stronicowa monografia prezentuj\u0105ca architektur\u0119 Lwowskiej Szko\u0142y Architektonicznej okresu dwudziestolecia mi\u0119dzywojennego.<\/p>\n\n\n\n<p>Badania, kt\u00f3re obejmowa\u0142 projekt by\u0142y bardzo szerokie. Obejmowa\u0142y ogromny obszar, jak i dzie\u0142a powstaj\u0105ce w ci\u0105gu dw\u00f3ch stuleci. Ich kolejnym etapem powinien by\u0107 kolejny du\u017cy projekt badawczy obejmuj\u0105cy opracowanie katalogu zabytk\u00f3w architektury na obszarze zachodniej Ukrainy.<\/p>\n","protected":false},"excerpt":{"rendered":"<p>Kwerenda archiwalna obj\u0119\u0142a nast\u0119puj\u0105ce instytucje: Instytucje zagraniczne 1. Muzeum Historyczne w Moskwie 2. Centralne Archiwum Historyczne we Lwowie (\u041b\u044c\u0432\u0456\u0432, \u0426\u0435\u043d\u0442\u0440\u0430\u043b\u044c\u043d\u0438\u0439 \u0434\u0435\u0440\u0436\u0430\u0432\u043d\u0438\u0439 \u0456\u0441\u0442\u043e\u0440\u0438\u0447\u043d\u0438\u0439 \u0430\u0440\u0445\u0456\u0432 \u0423\u043a\u0440\u0430\u0457\u043d\u0438) 3. Archiwum Obwodowe we Lwowie (\u0414\u0435\u0440\u0436\u0430\u0432\u043d\u0438\u0439 \u0430\u0440\u0445\u0456\u0432 \u041b\u044c\u0432\u0456\u0432\u0441\u044c\u043a\u043e\u0457 \u043e\u0431\u043b\u0430\u0441\u0442\u0456) 4. Archiwum Obwodu Kijowskiego (\u0414\u0435\u0440\u0436\u0430\u0432\u043d\u0438\u0439 \u0410\u0440\u0445\u0456\u0432 \u041a\u0438\u0457\u0432\u0441\u044c\u043a\u043e\u0457 \u041e\u0431\u043b\u0430\u0441\u0442\u0456) 5. Archiwum Obwodowe w Iwanofrankiwsku 6. Archiwum Obwodowe w Tarnopolu 7. Archiwum Politechniki Lwowskiej [&hellip;]<\/p>\n","protected":false},"author":2,"featured_media":0,"parent":0,"menu_order":0,"comment_status":"closed","ping_status":"closed","template":"","meta":{"footnotes":""},"class_list":["post-27","page","type-page","status-publish","hentry"],"_links":{"self":[{"href":"https:\/\/lwowska.szkola.architektoniczna.uksw.edu.pl\/index.php?rest_route=\/wp\/v2\/pages\/27","targetHints":{"allow":["GET"]}}],"collection":[{"href":"https:\/\/lwowska.szkola.architektoniczna.uksw.edu.pl\/index.php?rest_route=\/wp\/v2\/pages"}],"about":[{"href":"https:\/\/lwowska.szkola.architektoniczna.uksw.edu.pl\/index.php?rest_route=\/wp\/v2\/types\/page"}],"author":[{"embeddable":true,"href":"https:\/\/lwowska.szkola.architektoniczna.uksw.edu.pl\/index.php?rest_route=\/wp\/v2\/users\/2"}],"replies":[{"embeddable":true,"href":"https:\/\/lwowska.szkola.architektoniczna.uksw.edu.pl\/index.php?rest_route=%2Fwp%2Fv2%2Fcomments&post=27"}],"version-history":[{"count":2,"href":"https:\/\/lwowska.szkola.architektoniczna.uksw.edu.pl\/index.php?rest_route=\/wp\/v2\/pages\/27\/revisions"}],"predecessor-version":[{"id":57,"href":"https:\/\/lwowska.szkola.architektoniczna.uksw.edu.pl\/index.php?rest_route=\/wp\/v2\/pages\/27\/revisions\/57"}],"wp:attachment":[{"href":"https:\/\/lwowska.szkola.architektoniczna.uksw.edu.pl\/index.php?rest_route=%2Fwp%2Fv2%2Fmedia&parent=27"}],"curies":[{"name":"wp","href":"https:\/\/api.w.org\/{rel}","templated":true}]}}